lue of 5 + -29 - (11 + 3 + -15)?
-23
What is the value of -98 + 45 + -1 - (0 + -2 + (0 - 0))?
-52
Evaluate (16 - ((10 - 22 - -44) + -6)) + 12.
2
Evaluate (-23 - (31 + -31)) + 29.
6
Evaluate 14 + -94 + (48 - 1) + 146.
113
What is the value of 1 - 53 - (11083 + -11119)?
-16
What is the value of -44 - 1 - (-1954 - -1933)?
-24
Evaluate -4 + 48 + -116 + 26.
-46
Evaluate 19 - (-82 + 96 - (12 + -2)).
15
Calculate (4 - ((8 - 10) + 3)) + 13 + -100.
-84
Calculate -8 - (14 + -6) - (21 - -17 - -24).
-78
Evaluate -13 - (-32 - 1) - 58 - (15 - 3).
-50
What is 9 + (-4 - 9) + -8 + (16 - (-7 - -11))?
0
Evaluate 63 + 6 + 10 + 13 + -40 - -18.
70
What is 12 + -22 + (-55 - (-14 + 1 + -1))?
-51
-19 + 32 + -3 + (-23 - -4)
-9
What is (-73 - -21) + 1 + 114?
63
What is the value of 41 - 0 - (2 - (21 + 27 + -55))?
32
Evaluate -2 + (-8 - -2 - (-88 + 36)) - (4 - 3).
43
Calculate (-27 + 18 + 34 - 6) + (1 - 0).
20
What is (3 - 1 - (-4 - 3)) + (-8 - -3) - -18?
22
Evaluate -5 + (-46 - (9 - (34 + -12))).
-38
Evaluate -28 + 71 + (0 - (-6 + (6 - 2))).
45
Evaluate (3 - 9) + (-11 - 14 - -31) + 0 + -4.
-4
Evaluate -16 + (71 - (15 - 3)) + -18.
25
What is the value of (-20 + -3 - (-92 - -77)) + (-1 - -1)?
-8
What is the value of (243 - 249 - (0 - -6)) + (8 + -1 - 24)?
-29
What is the value of (9 - (0 + 8 + -2)) + (-15 - (104 + -11))?
-105
46 + -79 + 133 + -139
-39
What is the value of 1 + 67 + (-47 - (26 - 80))?
75
Calculate (-1 - -1 - -1) + -234 + 265.
32
What is (1 - 8) + (23 + -102 - -116)?
30
-1 - -16 - ((-11 - (-21 - (-16 + 5))) + -7)
23
What is the value of (455 - 422) + -9 + -12?
12
What is (12 + -10 - 48) + 35 + 30 + -44?
-25
What is (2 - -48) + 2556 + -2577?
29
43 + -23 + -78 - -42
-16
(-17 - (-6 - -7)) + (1 - 17) - 14
-48
What is -3061 - -3058 - (-45 - (0 - 2) - -2)?
38
What is (-55 - 3) + (196 - 115)?
23
What is 21 + (21 - 36) - -17 - -37?
60
What is the value of (-51 + -35 + 123 - (32 + -6)) + -1 + -51?
-41
What is the value of 609 + -594 + 3 + -2 + 58 + 17?
91
61 - -2 - (-7 + (55 - 30))
45
What is 74 - (-25 + -8 - -70) - 15?
22
What is the value of 6 - (121 + -112 - (-10 - 1)) - (-1 - 9)?
-4
Calculate 1 - ((-1 + -2 - (-4 - -7)) + (-323 - -378)).
-48
Calculate -88 + (15 - ((-13 - (-29 - -8)) + 27)).
-108
What is the value of 3 + 0 - (-129 + 138) - (-38 + (3 - 5))?
34
Evaluate -19 + (46 - 15) + -6 + (-4 - 0).
2
Calculate (5 + -11 + -2 - -12 - -7 - -61) + 14.
86
Evaluate 3427 + -3422 - (-5 - (1 - -1)).
12
What is -2 - 53 - (462 + -497)?
-20
Calculate (1 - 82 - -1) + 39 + (-87 - -25 - -9).
-94
What is -7 - (144 + -156 - (2 - -19))?
26
Evaluate (15 - (-103 - 6)) + -106.
18
What is (6 - 1) + (44 - 60) + (1 - -2)?
-8
-37 + 22 - -38 - 28
-5
What is the value of -13 + 1 + (14 - 7) - (-20 - -14)?
1
What is the value of 37 + 64 + 10 - 98?
13
Evaluate -38 - (-191 - -93) - 35.
25
What is -1 - -11 - (43 - (-36 + (-5 - 24)))?
-98
Evaluate 1095 + -1118 + 2 + 0.
-21
Calculate 15 + (25 - ((23 - 34) + 13)) + -26.
12
What is the value of 49 - (43 + (31 - 52))?
27
What is the value of 90 + -120 + 11 + -71?
-90
Calculate 3 + -136 + 72 - (-1 + -16).
-44
What is the value of 71 + -61 + 49 + -81?
-22
Evaluate 57 + (-90 - -16) + 14.
-3
Evaluate (101 + -35 - -72) + -77.
61
-42 + 46 + -7 + (37 - -1)
35
What is the value of 0 + -86 + (39 + -21 + -7 - (5 - -2))?
-82
Evaluate 85 + 1 - (175 - 60 - 118).
89
What is the value of 4 + -3 + 13 + (-77 - -53) + -27?
-37
Evaluate 0 - -52 - (43 - 28 - (2 + 7)).
46
What is the value of 3 - -4 - (49 + (11 - 14) + 5)?
-44
Evaluate -19 + 26 + (-3 - (-28 - -45)).
-13
What is (0 + (22 - 11) - 18 - -6) + (46 - -3)?
48
Calculate (1 + -7 - (95 + 5 + 12)) + (-261 - -259).
-120
Calculate -4 + -34 + -85 + (3 - 7) + -4 + -2.
-133
69 + 1 + 5650 + -5697 + (0 - 33)
-10
What is (-13 - (-12 + 10 + (-22 - -2))) + (2 - -91)?
102
Calculate 8 - ((-12 - 1 - (1 + -12)) + -9).
19
What is ((-61 - -26) + 16 + 28 - (3 + 1)) + -105?
-100
Evaluate -34 - (-123 - (66 + -31 - 57)).
67
(27 - (26 - -10)) + (22 - -2) - -58
73
Evaluate 80 + (36 - (131 - 31)).
16
Evaluate 5 - -41 - (-10 - -89).
-33
(-63 - (-56 - -40)) + 3
-44
What is 9 - (5 - (-2 - -2) - (-31 + 1 + 11))?
-15
Calculate 45 - (-17 - (-29 + (-15 - -17))) - 0.
35
What is the value of (12 - 32 - (-20 - (0 + -3))) + -6?
-9
Evaluate -95 - (15 - (-10 - (-17 + -9 + 11))).
-105
What is the value of 0 - 8 - (30 - (-43 + 81)) - -118?
118
What is -12 - (0 + -1) - (-144 + 108)?
25
Evaluate 40 + (43 + -36 - (18 - (1 + 4))).
34
Evaluate -8 - (-15 - -9) - -17 - (-5 - -1).
19
What is 40 - -2 - (686 + -591)?
-53
-6 + 31 + -59 + 21
-13
What is -2 - ((-65 - 18) + 81 + 7 + 0 + 0)?
-7
Calculate -114 - (-63 + (-203 - -142)).
10
Calculate -1 + 115 - (142 - 127).
99
Evaluate -1 + -59 - (-46 - (-51 + 31)).
-34
94 + (70 - (-17 - -73))
108
Calculate 61 + 137 + -209 + (0 - -80).
69
What is the value of 4 + (4 + -95 - -6) - ((-22 - -36) + -16)?
-79
Calculate -4 - (-6 + 3 + 8 + (-12 - (-7 - -51))).
47
What is -1 + -60 + (-119 + 225 - 96)?
-51
Evaluate -2 + (0 - -76) + (37 - 43) + (40 - 33).
75
Evaluate 0 + (0 - 41) - (-1401 - -1400).
-40
What is the value of (221 - 203) + (4 - 1 - 0) + (-4 - -1)?
18
Calculate 22 + -4 + (413 - 405).
26
What is (-10 - 4) + (-9 - -5) + -7 + 5?
-20
Calculate (260 - 276) + (64 - 2).
46
Evaluate (-11 - -5) + 10 + -15 - -95 - 16.
68
What is the value of -61 - (-175 - -43) - 162?
-91
Calculate -116 + 72 + -9 + (-5 - (-2 - 0)).
-56
What is (6 - 3 - 54) + (57 - 45)?
-39
Calculate (-96 - 62) + 90 - (0 - -15).
-83
Calculate -38 + 1 - ((-130 - 73) + 192).
-26
What is the value of (-28304 - -28353) + (0 - (-1 - -1) - (3 + -9))?
55
What is -19 + -5 + -58 + 43 + 103?
64
Evaluate (0 - -7 - 6 - -7) + -16 + -72.
-80
Calculate 7 - 1 - (161 - (-3 - -6) - (388 + -362)).
-126
3 + (12 - 10 - 15) + (11 - 4 - -5)
2
Calculate -33 + (20 - -21 - 23) - 20.
-35
What is 61 - (-40 + 53) - 30?
18
What is (-38 - -40 - 43 - -56) + 0 + -8?
7
What is the value of -5 + (45 - 8) + 3 + -4 + (-4 - -8)?
35
Evaluate 13 - (-42 + (-23 - -12 - 6)) - 16.
56
What is -10 + 5 + -883 + 850?
-38
What is the value of -1 - ((6 + 4 - (-1 - -42)) + -2)?
32
-36 + (25 - 19) + (-3 - -1)
-32
What is 73 - 282 - -203 - (7 - (2 + -1))?
-12
What is the value of 4 + 73 + 20 + -27 + -13 + (4 - 6)?
55
What is (-7 - (-28 - -22)) + 32?
31
-4 + -7 + -20 + 3 + 8 + 13
-7
What is the value of -142 - -47 - -50 - -97?
52
Evaluate (-6 - -1) + 6 + -7 + -181 + 147.
-40
(-1 + 2 - -2) + 0 - (-5 + 2)
6
Evaluate -37 + 10 + 2 - -12 - -10 - -61.
58
Calculate -2 + -43 + (13 - 2 - (52 - (93 - 49))).
-42
(4 - (1 - (11 - 0)) - 7) + -10
-3
33 - (-74 - (-110 + 109))
106
Evaluate 1 + 1 + (-43 + 69 - 30) + -16.
-18
(-2 + -5 + (4 - -11) - -3) + -43 + 1
-31
What is the value of (86 - 140 - (-34 - -5)) + -70?
-95
What is the value of (25 - (-4 - -52) - (-1 - 16)) + -1 + 53?
46
What is the value of -7 + (-22 - -2 - -10 - 24)?
-41
Calculate (8 + -2 - 2) + 198 + -187 + -6 + -1.
8
Evaluate -8 + 2 + -626 + 617 - -117.
102
Evaluate 4 - (-28 - (-55 + 47)).
24
Evaluate (-16 - -3) + (38 - 35) - -109.
99
What is (4 - 1) + 2 + -34 + (-35 - -41) + 5?
-18
What is 432 - 184 - 233 - (-1 + 65)?
-49
(-1 - -4) + 3 - ((82 - 0) + (54 - 58))
-72
What is the value of -37 + (-43 - -59) + 34?
13
Evaluate 8 - ((20 - -9) + -21 - 18 - (-2 - 2)).
14
44 + -32 + -35 - -2
-21
What is the value of 124 - 119 - (-5 - (4 - -30) - 5)?
49
What is -11 - ((-4 - (-1 + 1 + -8 + -10)) + 45)?
-70
Calculate 1 + -6 + 79 + 22 + -77.
19
What is -126 - -72 - (-144 - -36)?
54
Calculate 24 + (-25 - 76) - (10 + -28 - -9).
-68
Evaluate 61 + -1 - (-2772 + 2776).
56
What is (-9 - -49) + -2 + -44?
-6
What is the value of -11 + (11 + 92 - (3 + 8 + 1))?
80
What is (-1 - 18) + -12 - -53?
22
What is (-1 - 1 - 0) + 8 + -250 + -364 + 600?
-8
(-114 - -31) + 214 + -123
8
What is the value of -19 - (-136 - -104) - 121?
-108
Calculate -18 + 1 - (-105 - -50).
38
What is the value of (-3 + 2 - -4) + (18 + -24 - -20) + -17?
0
What is 1 + -12 - (37 - (46 - 34))?
-36
Evaluate (-30 - (-99 + 74) - (-1 + 2 + 40)) + -6.
-52
What is -28 - -20 - 10 - (-1 + -8) - (-63 - 8)?
62
Calculate (12 - -29) + -15 + 7 + 5.
38
115 - ((14 - -82) + -38)
57
(65 - 2) + 25 + 19 + -4 + -28
75
Calculate (-157 - -187 - (-25 - -108)) + (-1 - 0 - 1).
-55
Evaluate 42 + -31 + -57 - -68.
22
What is the value of -5 + -7 -